{"id":1660,"date":"2025-03-20T09:12:55","date_gmt":"2025-03-20T08:12:55","guid":{"rendered":"http:\/\/localhost\/wordpress\/?page_id=1660"},"modified":"2025-07-25T23:35:11","modified_gmt":"2025-07-25T21:35:11","slug":"freiwilligenhaus","status":"publish","type":"page","link":"https:\/\/www.kamerunpartner.com\/home\/freiwilligenhaus\/","title":{"rendered":"Freiwilligen-Haus"},"content":{"rendered":"\n<h2 class=\"wp-block-heading has-text-align-center has-medium-font-size\">Haus f\u00fcr Freiwilligeneins\u00e4tze \u2013 ein Ort f\u00fcr gemeinschaftliches Wohnen und interkulturellen Austausch in Kamerun<\/h2>\n\n\n\n<h2 class=\"wp-block-heading has-text-align-center has-small-font-size\">2008 &#8211; 2009<\/h2>\n\n\n\n<p>Immer wieder finden sich Mitarbeiter, die sich f\u00fcr einen Einsatz in Kamerun bereit erkl\u00e4ren. Die Beweggr\u00fcnde hierf\u00fcr sind sehr unterschiedlich. Oft sind es&nbsp;junge interessierte Menschen, die danach streben, eine andere Kultur kennen zu lernen und sich dabei f\u00fcr alle m\u00f6glichen Dienste sehr n\u00fctzlich erweisen. <\/p>\n\n\n\n<figure class=\"wp-block-image alignright size-full is-resized\"><img loading=\"lazy\" decoding=\"async\" width=\"1240\" height=\"710\" src=\"https:\/\/www.kamerunpartner.com\/home\/wp-content\/uploads\/2025\/03\/Vorarlberghaus.jpg\" alt=\"\" class=\"wp-image-1790\" style=\"width:600px\"\/><\/figure>\n\n\n\n<p>Aber auch \u00e4ltere Leute, die versuchen f\u00fcr eine Zeit lang der Hektik des Alltages in Europa zu entfliehen oder sich mit neuen Lebensformen besch\u00e4ftigen und sich hier in Kamerun mit deren Fachwissen einbringen. \u00c4rzte, Krankenpfleger, Sozialarbeiter, Handwerker oder Lehrer. F\u00fcr viele Berufssparten ist hier in Kamerun ein Bet\u00e4tigungsfeld gegeben, wobei es uns immer ein Bestreben ist, deren Fachwissen auch an die heimischen Mitarbeiter auf partnerschaftlicher Ebene zu \u00fcbertragen um hier eine nachhaltige Wirkung zu erzielen. Auch finden sich Auslandsdiener ein, die ihrer gesetzlichen Verpflichtung, den Wehr- bzw. Zivildienst abzuleisten, auf diese Art und Weise nachkommen.F\u00fcr uns ein eindeutiger Auftrag, auch f\u00fcr entsprechende Unterk\u00fcnfte Sorge zu tragen.So haben wir uns entschlossen, in den Jahren 2008 bis 2009 ein Wohnhaus zu erstellen. Dieses Haus ist zweigeschossig ausgef\u00fchrt. Das Erggeschoss beinhaltet 5 Zimmer, einen Gemeinschaftsraum mit K\u00fcche, sowie WC und Duschanlage. Das Kellergeschoss dient \u00fcberwiegend als Lagerr\u00e4ume bzw. einer Garage zur Unterbringung des vereinseigenen Motorrades. Die Ausf\u00fchrung erfolgt in einfacher Bauweise mit selbst gefertigten Ziegelsteinen. Die Arbeiten werden von einer dort ans\u00e4ssigen Baufirma ausgef\u00fchrt. Auch T\u00fcren, Fenster und M\u00f6blierungsarbeiten werden durch kamerunische Tischler, welche durch einen pensionierten Berufsschullehrer aus \u00d6sterreich in den letzten Jahren einen neuen Aufschwung erhalten haben, angefertigt.<\/p>\n\n\n\n<br>\n\n\n\n<div class=\"wp-block-buttons is-content-justification-center is-layout-flex wp-container-core-buttons-is-layout-a89b3969 wp-block-buttons-is-layout-flex\">\n<div class=\"wp-block-button\"><a class=\"wp-block-button__link wp-element-button\" href=\"https:\/\/www.kamerunpartner.com\/home\/freiwilligenhaus-fotogalerie\/\">Fotogalerie<\/a><\/div>\n<\/div>\n\n\n\n<br>\n\n\n\n<figure class=\"wp-block-table is-style-regular has-medium-font-size\" style=\"padding-top:0;padding-bottom:0\"><table class=\"has-ast-global-color-7-background-color has-background has-fixed-layout\" style=\"border-style:none;border-width:0px\"><tbody><tr><td class=\"has-text-align-center\" data-align=\"center\"><strong>Entwicklungspartnerschaft f\u00fcr Kamerun<\/strong><br><strong>Spendenkonto: Vorarlberger Hypothekenbank   &#8211;   IBAN: AT33 5800 0123 5853 5117&nbsp; BIC: HYPVAT2B<\/strong><\/td><\/tr><\/tbody><\/table><\/figure>\n","protected":false},"excerpt":{"rendered":"<p>Haus f\u00fcr Freiwilligeneins\u00e4tze \u2013 ein Ort f\u00fcr gemeinschaftliches Wohnen und interkulturellen Austausch in Kamerun 2008 &#8211; 2009 Immer wieder finden sich Mitarbeiter, die sich f\u00fcr einen Einsatz in Kamerun bereit erkl\u00e4ren. Die Beweggr\u00fcnde hierf\u00fcr sind sehr unterschiedlich. Oft sind es&nbsp;junge interessierte Menschen, die danach streben, eine andere Kultur kennen zu lernen und sich dabei f\u00fcr [&hellip;]<\/p>\n","protected":false},"author":1,"featured_media":0,"parent":0,"menu_order":0,"comment_status":"closed","ping_status":"closed","template":"","meta":{"site-sidebar-layout":"left-sidebar","site-content-layout":"plain-container","ast-site-content-layout":"default","site-content-style":"default","site-sidebar-style":"default","ast-global-header-display":"","ast-banner-title-visibility":"","ast-main-header-display":"","ast-hfb-above-header-display":"","ast-hfb-below-header-display":"","ast-hfb-mobile-header-display":"","site-post-title":"disabled","ast-breadcrumbs-content":"","ast-featured-img":"","footer-sml-layout":"","ast-disable-related-posts":"","theme-transparent-header-meta":"disabled","adv-header-id-meta":"","stick-header-meta":"","header-above-stick-meta":"","header-main-stick-meta":"","header-below-stick-meta":"","astra-migrate-meta-layouts":"default","ast-page-background-enabled":"default","ast-page-background-meta":{"desktop":{"background-color":"var(--ast-global-color-5)","background-image":"","background-repeat":"repeat","background-position":"center center","background-size":"auto","background-attachment":"scroll","background-type":"","background-media":"","overlay-type":"","overlay-color":"","overlay-opacity":"","overlay-gradient":""},"tablet":{"background-color":"","background-image":"","background-repeat":"repeat","background-position":"center center","background-size":"auto","background-attachment":"scroll","background-type":"","background-media":"","overlay-type":"","overlay-color":"","overlay-opacity":"","overlay-gradient":""},"mobile":{"background-color":"","background-image":"","background-repeat":"repeat","background-position":"center center","background-size":"auto","background-attachment":"scroll","background-type":"","background-media":"","overlay-type":"","overlay-color":"","overlay-opacity":"","overlay-gradient":""}},"ast-content-background-meta":{"desktop":{"background-color":"var(--ast-global-color-4)","background-image":"","background-repeat":"repeat","background-position":"center center","background-size":"auto","background-attachment":"scroll","background-type":"","background-media":"","overlay-type":"","overlay-color":"","overlay-opacity":"","overlay-gradient":""},"tablet":{"background-color":"var(--ast-global-color-4)","background-image":"","background-repeat":"repeat","background-position":"center center","background-size":"auto","background-attachment":"scroll","background-type":"","background-media":"","overlay-type":"","overlay-color":"","overlay-opacity":"","overlay-gradient":""},"mobile":{"background-color":"var(--ast-global-color-4)","background-image":"","background-repeat":"repeat","background-position":"center center","background-size":"auto","background-attachment":"scroll","background-type":"","background-media":"","overlay-type":"","overlay-color":"","overlay-opacity":"","overlay-gradient":""}},"footnotes":""},"class_list":["post-1660","page","type-page","status-publish","hentry"],"_links":{"self":[{"href":"https:\/\/www.kamerunpartner.com\/home\/wp-json\/wp\/v2\/pages\/1660","targetHints":{"allow":["GET"]}}],"collection":[{"href":"https:\/\/www.kamerunpartner.com\/home\/wp-json\/wp\/v2\/pages"}],"about":[{"href":"https:\/\/www.kamerunpartner.com\/home\/wp-json\/wp\/v2\/types\/page"}],"author":[{"embeddable":true,"href":"https:\/\/www.kamerunpartner.com\/home\/wp-json\/wp\/v2\/users\/1"}],"replies":[{"embeddable":true,"href":"https:\/\/www.kamerunpartner.com\/home\/wp-json\/wp\/v2\/comments?post=1660"}],"version-history":[{"count":15,"href":"https:\/\/www.kamerunpartner.com\/home\/wp-json\/wp\/v2\/pages\/1660\/revisions"}],"predecessor-version":[{"id":2580,"href":"https:\/\/www.kamerunpartner.com\/home\/wp-json\/wp\/v2\/pages\/1660\/revisions\/2580"}],"wp:attachment":[{"href":"https:\/\/www.kamerunpartner.com\/home\/wp-json\/wp\/v2\/media?parent=1660"}],"curies":[{"name":"wp","href":"https:\/\/api.w.org\/{rel}","templated":true}]}}